{"id":8275,"date":"2025-11-07T14:00:43","date_gmt":"2025-11-07T14:00:43","guid":{"rendered":"https:\/\/municipiodebalao.gob.ec\/?page_id=8275"},"modified":"2025-11-07T20:01:31","modified_gmt":"2025-11-07T20:01:31","slug":"rendicion-de-cuentas-2023","status":"publish","type":"page","link":"https:\/\/municipiodebalao.gob.ec\/index.php\/rendicion-de-cuentas-2023\/","title":{"rendered":"Rendici\u00f3n de Cuentas 2023"},"content":{"rendered":"\t\t<div data-elementor-type=\"wp-page\" data-elementor-id=\"8275\" class=\"elementor elementor-8275\">\n\t\t\t\t<div class=\"elementor-element elementor-element-52c90c10 e-flex e-con-boxed e-con e-parent\" data-id=\"52c90c10\" data-element_type=\"container\" data-e-type=\"container\">\n\t\t\t\t\t<div class=\"e-con-inner\">\n\t\t\t\t<div class=\"elementor-element elementor-element-622df59 elementor-widget elementor-widget-ct_accordion\" data-id=\"622df59\" data-element_type=\"widget\" data-e-type=\"widget\" data-widget_type=\"ct_accordion.default\">\n\t\t\t\t<div class=\"elementor-widget-container\">\n\t\t\t\t\t    <div id=\"ct_accordion-622df59\" class=\"ct-accordion layout1 style1 \">\r\n                    <div class=\"ct-accordion-item \">\r\n                <div class=\"ct-ac-title \" data-target=\"#2d45916ct_accordion-622df59\">\r\n                    <a class=\"ct-ac-title-text\">\r\n                                                                        FASE 1: Planificaci\u00f3n y Facilitaci\u00f3n del proceso desde la Asamblea local.                        <i class=\"ct-icon-accordion\"><\/i>\r\n                    <\/a>\r\n                <\/div>\r\n                <div id=\"2d45916ct_accordion-622df59\" class=\"ct-ac-content\"><ul><li><a href=\"https:\/\/municipiodebalao.gob.ec\/wp-content\/uploads\/2024\/02\/PLAN-DE-DESARROLLO-Y-ORDENAMIENTO-TERRITORIAL.pdf\" target=\"_blank\" rel=\"noopener\"><span style=\"text-decoration: underline\"><span style=\"color: #0000ff;text-decoration: underline\">PDOT 2023.<\/span><\/span><\/a><\/li><li><a href=\"https:\/\/municipiodebalao.gob.ec\/wp-content\/uploads\/2024\/02\/POA_GADMB_2023-Reformado-ultima-correccion-15-09-23-observacion-DGAPyA.pdf\" target=\"_blank\" rel=\"noopener\"><span style=\"text-decoration: underline\"><span style=\"color: #0000ff;text-decoration: underline\">POA 2023 GAD BALAO.<\/span><\/span><\/a><\/li><li><a href=\"https:\/\/municipiodebalao.gob.ec\/wp-content\/uploads\/2024\/02\/ALCALDES-MUNICIPALES-MOVIMIENTO-POLITICO-REVOLUCION-CIUDADANA-Plan-Trabajo.pdf\" target=\"_blank\" rel=\"noopener\"><span style=\"text-decoration: underline\"><span style=\"color: #0000ff;text-decoration: underline\">PLAN DE TRABAJO.<\/span><\/span><\/a><\/li><\/ul><\/div>\r\n            <\/div>\r\n                    <div class=\"ct-accordion-item \">\r\n                <div class=\"ct-ac-title \" data-target=\"#b726f16ct_accordion-622df59\">\r\n                    <a class=\"ct-ac-title-text\">\r\n                                                                        FASE 2: Evaluaci\u00f3n de la gesti\u00f3n y elaboraci\u00f3n del Informe Institucional.                        <i class=\"ct-icon-accordion\"><\/i>\r\n                    <\/a>\r\n                <\/div>\r\n                <div id=\"b726f16ct_accordion-622df59\" class=\"ct-ac-content\"><ul><li><a href=\"https:\/\/municipiodebalao.gob.ec\/wp-content\/uploads\/2024\/05\/INFORME-NARRATIVO.pdf\" target=\"_blank\" rel=\"noopener\"><span style=\"text-decoration: underline\"><span style=\"color: #0000ff;text-decoration: underline\">Informe Narrativo.<\/span><\/span><\/a><\/li><li><a href=\"https:\/\/municipiodebalao.gob.ec\/wp-content\/uploads\/2024\/05\/APROBACION-DE-INFORME-NARRATIVO.pdf\" target=\"_blank\" rel=\"noopener\"><span style=\"text-decoration: underline\"><span style=\"color: #0000ff;text-decoration: underline\">Aprobaci\u00f3n de Informe Narrativo.<\/span><\/span><\/a><\/li><li><a href=\"https:\/\/municipiodebalao.gob.ec\/wp-content\/uploads\/2024\/05\/FORMULARIO-GADS.pdf\" target=\"_blank\" rel=\"noopener\"><span style=\"text-decoration: underline\"><span style=\"color: #0000ff;text-decoration: underline\">Formulario GAD.<\/span><\/span><\/a><\/li><li><a href=\"https:\/\/municipiodebalao.gob.ec\/wp-content\/uploads\/2024\/05\/APROBACION-DE-FORMULARIO.pdf\" target=\"_blank\" rel=\"noopener\"><span style=\"text-decoration: underline\"><span style=\"color: #0000ff;text-decoration: underline\">Aprobaci\u00f3n de Formulario.<\/span><\/span><\/a><\/li><\/ul><\/div>\r\n            <\/div>\r\n                    <div class=\"ct-accordion-item \">\r\n                <div class=\"ct-ac-title \" data-target=\"#1ff80b7ct_accordion-622df59\">\r\n                    <a class=\"ct-ac-title-text\">\r\n                                                                        FASE 3: Deliberaci\u00f3n p\u00fablica y evaluaci\u00f3n ciudadana del  Informe Institucional.                        <i class=\"ct-icon-accordion\"><\/i>\r\n                    <\/a>\r\n                <\/div>\r\n                <div id=\"1ff80b7ct_accordion-622df59\" class=\"ct-ac-content\"><p><a href=\"https:\/\/municipiodebalao.gob.ec\/photo-2024-05-29-11-52-10\/\" rel=\"attachment wp-att-2358\"><img fetchpriority=\"high\" decoding=\"async\" class=\"size-medium wp-image-2358 aligncenter\" src=\"https:\/\/municipiodebalao.gob.ec\/wp-content\/uploads\/2024\/05\/PHOTO-2024-05-29-11-52-10-300x214.jpg\" alt=\"\" width=\"300\" height=\"214\" srcset=\"https:\/\/municipiodebalao.gob.ec\/wp-content\/uploads\/2024\/05\/PHOTO-2024-05-29-11-52-10-300x214.jpg 300w, https:\/\/municipiodebalao.gob.ec\/wp-content\/uploads\/2024\/05\/PHOTO-2024-05-29-11-52-10-1024x732.jpg 1024w, https:\/\/municipiodebalao.gob.ec\/wp-content\/uploads\/2024\/05\/PHOTO-2024-05-29-11-52-10-768x549.jpg 768w, https:\/\/municipiodebalao.gob.ec\/wp-content\/uploads\/2024\/05\/PHOTO-2024-05-29-11-52-10.jpg 1240w\" sizes=\"(max-width: 300px) 100vw, 300px\" \/><\/a> <a href=\"https:\/\/municipiodebalao.gob.ec\/photo-2024-05-29-11-52-20\/\" rel=\"attachment wp-att-2360\"><img decoding=\"async\" class=\"size-medium wp-image-2360 aligncenter\" src=\"https:\/\/municipiodebalao.gob.ec\/wp-content\/uploads\/2024\/05\/PHOTO-2024-05-29-11-52-20-300x300.jpg\" alt=\"\" width=\"300\" height=\"300\" srcset=\"https:\/\/municipiodebalao.gob.ec\/wp-content\/uploads\/2024\/05\/PHOTO-2024-05-29-11-52-20-300x300.jpg 300w, https:\/\/municipiodebalao.gob.ec\/wp-content\/uploads\/2024\/05\/PHOTO-2024-05-29-11-52-20-1024x1024.jpg 1024w, https:\/\/municipiodebalao.gob.ec\/wp-content\/uploads\/2024\/05\/PHOTO-2024-05-29-11-52-20-150x150.jpg 150w, https:\/\/municipiodebalao.gob.ec\/wp-content\/uploads\/2024\/05\/PHOTO-2024-05-29-11-52-20-768x768.jpg 768w, https:\/\/municipiodebalao.gob.ec\/wp-content\/uploads\/2024\/05\/PHOTO-2024-05-29-11-52-20.jpg 1080w\" sizes=\"(max-width: 300px) 100vw, 300px\" \/><\/a><\/p><\/div>\r\n            <\/div>\r\n                    <div class=\"ct-accordion-item \">\r\n                <div class=\"ct-ac-title \" data-target=\"#dd5ec93ct_accordion-622df59\">\r\n                    <a class=\"ct-ac-title-text\">\r\n                                                                        FASE 4: Incorporaci\u00f3n de la opini\u00f3n ciudadana, retroalimentaci\u00f3n y seguimiento.                         <i class=\"ct-icon-accordion\"><\/i>\r\n                    <\/a>\r\n                <\/div>\r\n                <div id=\"dd5ec93ct_accordion-622df59\" class=\"ct-ac-content\"><ul><li><a href=\"https:\/\/municipiodebalao.gob.ec\/wp-content\/uploads\/2024\/07\/ACTA-DE-REUNION-DELIBERACION-PUBLICA.pdf\" target=\"_blank\" rel=\"noopener\"><span style=\"text-decoration: underline\"><span style=\"color: #0000ff;text-decoration: underline\">Acta de Reuni\u00f3n - Deliberaci\u00f3n P\u00fablica.<\/span><\/span><\/a><\/li><li><a href=\"https:\/\/municipiodebalao.gob.ec\/wp-content\/uploads\/2024\/07\/ACTA-DE-PLAN-DE-TRABAJO.pdf\" target=\"_blank\" rel=\"noopener\"><span style=\"text-decoration: underline\"><span style=\"color: #0000ff;text-decoration: underline\">Acta de Plan de Trabajo.<\/span><\/span><\/a><\/li><li><a href=\"https:\/\/municipiodebalao.gob.ec\/wp-content\/uploads\/2024\/07\/ACTA-DE-COMPROMISO.pdf\" target=\"_blank\" rel=\"noopener\"><span style=\"text-decoration: underline\"><span style=\"color: #0000ff;text-decoration: underline\">Acta de Compromiso.<\/span><\/span><\/a><\/li><li><a href=\"https:\/\/municipiodebalao.gob.ec\/wp-content\/uploads\/2024\/07\/INFORME-DE-RENDICION-DE-CUENTAS-NRO.-14545.pdf\" target=\"_blank\" rel=\"noopener\"><span style=\"text-decoration: underline\"><span style=\"color: #0000ff;text-decoration: underline\">Informe de Rendici\u00f3n de Cuentas.<\/span><\/span><\/a><\/li><\/ul><p>\u00a0<\/p><\/div>\r\n            <\/div>\r\n            <\/div>\r\n    \t\t\t\t<\/div>\n\t\t\t\t<\/div>\n\t\t\t\t\t<\/div>\n\t\t\t\t<\/div>\n\t\t\t\t<\/div>\n\t\t","protected":false},"excerpt":{"rendered":"<p>FASE 1: Planificaci\u00f3n y Facilitaci\u00f3n del proceso desde la Asamblea local. PDOT 2023. POA 2023 GAD BALAO. PLAN DE TRABAJO. FASE 2: Evaluaci\u00f3n de la gesti\u00f3n y elaboraci\u00f3n del Informe Institucional. Informe Narrativo. Aprobaci\u00f3n de Informe Narrativo. Formulario GAD. Aprobaci\u00f3n de Formulario. FASE 3: Deliberaci\u00f3n p\u00fablica y evaluaci\u00f3n ciudadana del Informe Institucional. FASE 4: Incorporaci\u00f3n [&hellip;]<\/p>\n","protected":false},"author":2,"featured_media":0,"parent":0,"menu_order":0,"comment_status":"closed","ping_status":"closed","template":"","meta":{"footnotes":""},"class_list":["post-8275","page","type-page","status-publish","hentry"],"_links":{"self":[{"href":"https:\/\/municipiodebalao.gob.ec\/index.php\/wp-json\/wp\/v2\/pages\/8275","targetHints":{"allow":["GET"]}}],"collection":[{"href":"https:\/\/municipiodebalao.gob.ec\/index.php\/wp-json\/wp\/v2\/pages"}],"about":[{"href":"https:\/\/municipiodebalao.gob.ec\/index.php\/wp-json\/wp\/v2\/types\/page"}],"author":[{"embeddable":true,"href":"https:\/\/municipiodebalao.gob.ec\/index.php\/wp-json\/wp\/v2\/users\/2"}],"replies":[{"embeddable":true,"href":"https:\/\/municipiodebalao.gob.ec\/index.php\/wp-json\/wp\/v2\/comments?post=8275"}],"version-history":[{"count":43,"href":"https:\/\/municipiodebalao.gob.ec\/index.php\/wp-json\/wp\/v2\/pages\/8275\/revisions"}],"predecessor-version":[{"id":8329,"href":"https:\/\/municipiodebalao.gob.ec\/index.php\/wp-json\/wp\/v2\/pages\/8275\/revisions\/8329"}],"wp:attachment":[{"href":"https:\/\/municipiodebalao.gob.ec\/index.php\/wp-json\/wp\/v2\/media?parent=8275"}],"curies":[{"name":"wp","href":"https:\/\/api.w.org\/{rel}","templated":true}]}}